est common factor of 9 and d?
9
Let t(j) = 2*j - 7. Let v be t(6). Let y(s) = -s**3 + 6*s**2 - 3*s - 3. Let r be y(v). What is the greatest common factor of 56 and r?
7
Let y(w) = -w**3 - 10*w**2 + 10*w - 16. Let u be y(-11). Let k(n) = -n**3 - 4*n**2 + 4*n + 3. Let t be k(u). Calculate the highest common factor of 80 and t.
8
Suppose 21 = 2*x - t, 38 = x + 3*x + 2*t. Calculate the greatest common factor of 1 and x.
1
Let n be 6/9 - (-155)/15. What is the highest common factor of n and 66?
11
Let h = 4 + -2. Let l(w) = 13*w - 2. Let q be l(h). Let g = -10 + q. Calculate the greatest common factor of 42 and g.
14
Let b(a) = -a**3 - 8*a**2 - 10*a - 24. Let z be b(-8). Let x(m) = m**2 - 4*m - 7. Let f be x(7). Calculate the greatest common factor of f and z.
14
Let h = -99 - -155. What is the highest common factor of 8 and h?
8
Let k be (-8)/(-6) + (-2576)/(-48). Calculate the highest common divisor of 22 and k.
11
Suppose -w = -2*a + 471, 2*w + 466 = -a + 3*a. Calculate the highest common divisor of a and 34.
34
Suppose 0 = -5*o, 4*r - o = 4*o + 28. What is the highest common factor of 7 and r?
7
Let h(w) = w**3 - 9*w**2 - w + 3. Let u be h(9). Let c be (-206)/(-10) + u/(-15). Calculate the highest common divisor of 21 and c.
21
Suppose -23 = 3*i + 235. Let m = -50 - i. Let z = 8 + 4. Calculate the highest common divisor of z and m.
12
Let b be -3*((-13)/3 - 1). Let t(u) = 22*u - 3. Let y be t(2). Let n = 105 - y. What is the highest common factor of b and n?
16
Let g be (-77)/(-5) - (-2)/(-5). Calculate the greatest common divisor of 135 and g.
15
Suppose u + u - 4 = 0. Let s(y) = -52*y. Let a be s(-2). Suppose -2*x = 4*f - 97 - 13, u*x - a = -f. Calculate the highest common divisor of 17 and x.
17
Let i be 4/((-31)/(-10) + -3). What is the highest common factor of i and 16?
8
Let f(g) = g**2 + 6*g + 3. Let n be f(-4). Let s = n + 7. Suppose -2*i + s*t = -14, -5*i + 2*t + 37 = -13. Calculate the highest common divisor of i and 4.
4
Let r = 34 - 31. Suppose 33 + 11 = 4*d. Let v = d - r. Calculate the highest common factor of v and 16.
8
Suppose -5*m + 3*k = -987, -5*k - 907 = -5*m + 78. What is the highest common divisor of 18 and m?
18
Let q(a) = 15*a - 2. Let u be q(2). Let i(j) = 29*j - 2. Let h be i(2). What is the highest common divisor of h and u?
28
Suppose -4*s = -41 + 17. Suppose 0 = 3*j + 3*n - s, -6*j + 60 = -j - 5*n. What is the greatest common divisor of j and 21?
7
Suppose 0 = 5*o - 58 + 13. Calculate the highest common divisor of o and 72.
9
Suppose -1 - 16 = -h. Let n = -127 - -249. Let i = 309 - n. Calculate the highest common factor of i and h.
17
Let j be (-22)/(-6) + 8/(-12). Suppose -j = 3*o, f + 2*o = 6*o + 7. Let v be 1/f - 82/(-6). What is the highest common divisor of v and 42?
14
Let a(x) = x**3 - 6*x**2 - 5*x. Let b be a(7). Calculate the greatest common divisor of b and 35.
7
Let a(m) = 41*m**3 + 2*m**2 - 5*m + 4. Let y be a(2). What is the greatest common factor of y and 30?
30
Suppose -52 - 43 = -5*l. Let r be (-2835)/(-30) - 2/(-4). Calculate the greatest common divisor of l and r.
19
Let g(w) = w**2 - 6*w - 3. Let q be g(12). Calculate the highest common divisor of q and 46.
23
Let w(p) = -p + 10. Let g be w(6). Suppose 0 = g*i + 62 - 238. What is the greatest common divisor of 4 and i?
4
Let z(f) = 1. Let g(d) = 5*d + 1. Let y(k) = -g(k) - 5*z(k). Let i be y(-9). Suppose -2*w + 104 = 2*w. Calculate the greatest common factor of i and w.
13
Suppose -197 = -4*d + 5*t, 0 = 2*d - 3*d + 5*t + 53. What is the highest common divisor of d and 144?
48
Let s = 8 - -1. Suppose -3*m = s + 9. Let k be 4/(-12) + (-26)/m. Calculate the greatest common divisor of 32 and k.
4
Let v(a) = -a**2 - 16*a - 14. Let d be v(-10). Let f = d + -22. Calculate the highest common divisor of f and 12.
12
Suppose 0 = -2*r - 2*m - 4, 4*r - m - 20 = 2*m. Suppose 5 = 5*a, 3*i - r*a - 10 = -6*a. Suppose -13 = -5*q + i. What is the greatest common factor of q and 24?
3
Let p be -6 - -9 - (13 - 1). Let i(n) = -n**3 - 7*n**2 + 10*n - 2. Let k be i(p). Calculate the highest common divisor of k and 10.
10
Let u = -6 - 0. Let h(x) = -x**2 - 10*x - 9. Let m be h(u). What is the highest common factor of 3 and m?
3
Suppose 5 = 3*r - 7. Suppose r*w - 6*i = -i + 669, -5*w = 5*i - 870. Calculate the greatest common divisor of 19 and w.
19
Let m(h) = h**2 + 6*h + 9. Let s be m(8). What is the greatest common divisor of 11 and s?
11
Let a(c) = -2*c + 4. Let k be a(-3). What is the highest common divisor of k and 20?
10
Suppose -9 = 7*o - 6*o. Let f = o - -2. Let x = 11 + f. Calculate the greatest common factor of x and 16.
4
Suppose 0 = 75*o - 80*o + 80. What is the greatest common divisor of 4 and o?
4
Let i = 205 + -100. Let m = -19 + 40. What is the greatest common divisor of m and i?
21
Let q = -67 - -106. What is the highest common divisor of 13 and q?
13
Suppose 2*h + 1 = -0*h - 3*o, -h - o = 0. Let i = 1 - h. Let q(t) = t**3 - t**2 - t + 81. Let y be q(i). What is the highest common divisor of y and 9?
9
Suppose -3*d + 8 = -4. Suppose d - 24 = -b. Let t = 6 + -2. What is the greatest common factor of b and t?
4
Let h be 2/4*(0 + -2). Let s be -2 + 5 - (h + 2). Suppose 2*v - 2 = s*k + 30, k = -5*v + 92. What is the greatest common divisor of v and 162?
18
Let r be (-5)/(30/(-4))*-3. Let z be r + (-7)/(-2)*4. Calculate the greatest common factor of z and 96.
12
Let g be 30 + 17 - ((-2)/1 - -2). Calculate the greatest common divisor of 47 and g.
47
Let w = 33 - 12. Let d(p) = -4*p + 11. Let a be d(1). What is the highest common factor of a and w?
7
Suppose 5*f + 4*a - 18 = -0*f, 4*a = -12. Let j be (-8)/6*(3 - f). Calculate the highest common divisor of 40 and j.
4
Suppose 5*v = 3*z + 3, 5*v = -4*z + 35 - 4. Suppose -v*n + 65 = 2*n. Let b = -140 + 257. What is the greatest common divisor of n and b?
13
Let p be -3 + 3 - 3 - -11. What is the highest common divisor of 64 and p?
8
Let z(n) = 11*n + 14. Let q(a) = -4*a - 5. Let m(s) = 7*q(s) + 2*z(s). Let d be m(-5). Calculate the highest common factor of 253 and d.
23
Suppose -m + 0 = 5. Let g = 14 + m. Suppose 0 = 3*p - 4*p + g. What is the greatest common divisor of p and 9?
9
Let s be (-12)/(-9)*9 - (-4 + 0). Let p(k) = 13*k + 1. Let m be p(3). Calculate the greatest common divisor of s and m.
8
Let v(h) = 51*h**2 + 2*h - 1. Let c be v(1). Suppose 3*d - c = d. What is the highest common divisor of d and 65?
13
Suppose 2*l = -2*l + 4. Calculate the greatest common divisor of l and 1.
1
Let o = 62 + -60. Calculate the highest common divisor of 4 and o.
2
Let m be 77 + (3 - 4 - 1). Let v = m - -5. Calculate the highest common divisor of v and 32.
16
Let o = 56 + -30. Calculate the greatest common divisor of 2 and o.
2
Let m(z) = 2*z + 12. Let s be m(6). What is the greatest common factor of 264 and s?
24
Suppose -2*j + 2*c = -c - 55, 2*j = -4*c + 76. What is the greatest common factor of j and 8?
8
Let z = -15 - -90. What is the greatest common factor of z and 15?
15
Suppose -3*k + 1 = -2*t, 0 = -2*t - 5*k - 5 - 4. Let q be t/7 - 4/(-14). Let h = q - -1. Calculate the greatest common factor of 1 and h.
1
Let k = -13 - -20. Calculate the greatest common divisor of 112 and k.
7
Let a(k) = k**2 - 22*k - 11. Let g be a(23). What is the highest common divisor of g and 6?
6
Let x(b) = b**2 - 2. Let f be x(-4). Suppose -5*w = -83 + 13. Calculate the highest common divisor of w and f.
14
Let d(r) = r**2 + 7*r - 7. Let s be d(-8). Let p = 3 + s. What is the greatest common factor of 32 and p?
4
Suppose 184 = m + 3*m - 2*j, -3*m + 3*j = -132. Let q = 87 - 71. Calculate the highest common factor of m and q.
16
Let c = -45 + 49. What is the greatest common factor of 4 and c?
4
Let f(t) = -8*t - 9 + 12 + 1. Let u be f(-5). Calculate the greatest common divisor of 110 and u.
22
Let t(f) = 5*f + 10. Let n be t(9). Calculate the greatest common divisor of n and 5.
5
Let o be 5 + 4/((-12)/9). Suppose -6 - 4 = -o*r, -a + 5*r - 15 = 0. Let m be (-4)/10 - (-154)/a. What is the highest common divisor of 3 and m?
3
Suppose 2*p - 56 = -2*p. Let q(g) = -112*g**3 - g - 1. Let v be q(-1). Calculate the highest common divisor of v and p.
14
Suppose 2 = m - 0*m. Let r(s) = -9*s + 1. Let y be r(-1). What is the greatest common divisor